{"id":61022,"date":"2021-11-04T16:34:12","date_gmt":"2021-11-04T15:34:12","guid":{"rendered":"https:\/\/www.salonscotemaison.fr\/vivre-cote-sud\/?page_id=61022"},"modified":"2024-03-26T09:51:20","modified_gmt":"2024-03-26T08:51:20","slug":"access-accomodation","status":"publish","type":"page","link":"https:\/\/www.salonscotemaison.fr\/vivre-cote-sud-aix-en-provence\/en\/access-accomodation\/","title":{"rendered":"Access \/ accomodation"},"content":{"rendered":"<p>[et_pb_section fb_built=\u00a0\u00bb1&Prime; module_id=\u00a0\u00bbpageTitre\u00a0\u00bb _builder_version=\u00a0\u00bb4.16&Prime; _module_preset=\u00a0\u00bbdefault\u00a0\u00bb background_image=\u00a0\u00bbhttps:\/\/www.salonscotemaison.fr\/vivre-cote-sud\/wp-content\/uploads\/sites\/3\/2021\/10\/salon-vivre-cote-sud-aix-en-provence-acces-stationnement.jpg\u00a0\u00bb global_colors_info=\u00a0\u00bb{}\u00a0\u00bb][et_pb_row _builder_version=\u00a0\u00bb4.16&Prime; _module_preset=\u00a0\u00bbdefault\u00a0\u00bb width=\u00a0\u00bb100%\u00a0\u00bb max_width=\u00a0\u00bb2560px\u00a0\u00bb global_colors_info=\u00a0\u00bb{}\u00a0\u00bb][et_pb_column type=\u00a0\u00bb4_4&Prime; _builder_version=\u00a0\u00bb4.16&Prime; _module_preset=\u00a0\u00bbdefault\u00a0\u00bb global_colors_info=\u00a0\u00bb{}\u00a0\u00bb][et_pb_text _builder_version=\u00a0\u00bb4.16&Prime; _module_preset=\u00a0\u00bbdefault\u00a0\u00bb global_colors_info=\u00a0\u00bb{}\u00a0\u00bb]<\/p>\n<h1 style=\"text-align: center\">Access accomodation<\/h1>\n<p>[\/et_pb_text][\/et_pb_column][\/et_pb_row][\/et_pb_section][et_pb_section fb_built=\u00a0\u00bb1&Prime; _builder_version=\u00a0\u00bb4.16&Prime; _module_preset=\u00a0\u00bbdefault\u00a0\u00bb locked=\u00a0\u00bboff\u00a0\u00bb global_colors_info=\u00a0\u00bb{}\u00a0\u00bb][et_pb_row column_structure=\u00a0\u00bb1_2,1_2&Prime; make_equal=\u00a0\u00bbon\u00a0\u00bb module_class=\u00a0\u00bbhalf_btn\u00a0\u00bb _builder_version=\u00a0\u00bb4.16&Prime; _module_preset=\u00a0\u00bbdefault\u00a0\u00bb background_enable_image=\u00a0\u00bboff\u00a0\u00bb width=\u00a0\u00bb90%\u00a0\u00bb max_width=\u00a0\u00bb2560px\u00a0\u00bb global_colors_info=\u00a0\u00bb{}\u00a0\u00bb][et_pb_column type=\u00a0\u00bb1_2&Prime; _builder_version=\u00a0\u00bb4.16&Prime; _module_preset=\u00a0\u00bbdefault\u00a0\u00bb background_enable_image=\u00a0\u00bboff\u00a0\u00bb custom_padding=\u00a0\u00bb20px||20px|20px|false|false\u00a0\u00bb global_colors_info=\u00a0\u00bb{}\u00a0\u00bb][et_pb_text _builder_version=\u00a0\u00bb4.21.0&Prime; _module_preset=\u00a0\u00bbdefault\u00a0\u00bb global_colors_info=\u00a0\u00bb{}\u00a0\u00bb]<\/p>\n<h2 style=\"text-align: center\">Access<\/h2>\n<p>Address: Parc Jourdan &#8211; Avenue Anatole France &#8211; 13 100 Aix-en-Provence.<\/p>\n<p>How to get there<\/p>\n<p>By car: A8 freeways, exit 30 Aix en Provence Pont de l&rsquo;Arc, Luynes, les Milles. Follow signs for downtown Aix-en-Provence tourism.<br \/>By plane: Nearest airport: Marseille-Provence International Airport.<\/p>\n<p>&nbsp;<\/p>\n<p>Dogs are welcome on leash at the show. Please bring a muzzle for larger dogs.<\/p>\n<p>&nbsp;<\/p>\n<p>&nbsp;<\/p>\n<p>&nbsp;<\/p>\n<p>[\/et_pb_text][et_pb_map address=\u00a0\u00bbParc Jourdan, Av. Jules Ferry, 13100 Aix-en-Provence, France\u00a0\u00bb address_lat=\u00a0\u00bb43.5208521&Prime; address_lng=\u00a0\u00bb5.4486248&Prime; _builder_version=\u00a0\u00bb4.16&Prime; _module_preset=\u00a0\u00bbdefault\u00a0\u00bb global_colors_info=\u00a0\u00bb{}\u00a0\u00bb][et_pb_map_pin pin_address=\u00a0\u00bbParc Jourdan, Av. Jules Ferry, 13100 Aix-en-Provence, France\u00a0\u00bb zoom_level=\u00a0\u00bb13&Prime; pin_address_lat=\u00a0\u00bb43.5208521&Prime; pin_address_lng=\u00a0\u00bb5.4486248&Prime; _builder_version=\u00a0\u00bb4.9.9&Prime; _module_preset=\u00a0\u00bbdefault\u00a0\u00bb global_colors_info=\u00a0\u00bb{}\u00a0\u00bb][\/et_pb_map_pin][\/et_pb_map][\/et_pb_column][et_pb_column type=\u00a0\u00bb1_2&Prime; _builder_version=\u00a0\u00bb4.16&Prime; _module_preset=\u00a0\u00bbdefault\u00a0\u00bb background_color=\u00a0\u00bb#e6f7fe\u00a0\u00bb custom_padding=\u00a0\u00bb20px|20px|20px|20px|false|false\u00a0\u00bb global_colors_info=\u00a0\u00bb{}\u00a0\u00bb][et_pb_text _builder_version=\u00a0\u00bb4.22.1&Prime; _module_preset=\u00a0\u00bbdefault\u00a0\u00bb global_colors_info=\u00a0\u00bb{}\u00a0\u00bb]<\/p>\n<h2 style=\"text-align: center;\">SERVICES AT THE FAIR<\/h2>\n<p>Catering: Programme being prepared. There will be some delicious surprises!<br \/>Parkings:<\/p>\n<ul>\n<li>Located on Place de la Rotonde at 400m from the fair (360 places)<\/li>\n<li>Parking Mignet located on Mignet Street at 300m (460 places)<\/li>\n<li>Parking Carnot located on boulevard Carnot on 800m (680 places)<\/li>\n<li>Parking M\u00e9janes located on boulevard Victor Coq at 1000m (800 places)<\/li>\n<li>Parking Pasteur located on avenue Pasteur at 1300m (650 places)<\/li>\n<\/ul>\n<p>There is also the Krypton relay-parking (2 euros \/ day), which permits you to use free public transport to the town centre (5 min) by shuttle-bus (every 12 minutes from 7am to 9pm).<br \/><strong>Please note:<\/strong> The parking is closed on Sundays.<\/p>\n<p><strong>Visit hands free<\/strong>: purchase consignment, transport service for purchases.<\/p>\n<p>[\/et_pb_text][et_pb_text _builder_version=\u00a0\u00bb4.16&Prime; _module_preset=\u00a0\u00bbdefault\u00a0\u00bb global_colors_info=\u00a0\u00bb{}\u00a0\u00bb]<\/p>\n<h2 style=\"text-align: center\">ACCOMMODATION<\/h2>\n<p>Informations and booking: Pays d&rsquo;Aix Tourist Office<br \/>Tel. <a href=\"+33%20(0)442 161 161\">+33 (0)442 161 161<\/a>\u00a0<br \/>Website: <a href=\"http:\/\/www.aixenprovencetourism.com\" target=\"_blank\" rel=\"noopener\">www.aixenprovencetourism.com<\/a><\/p>\n<p>[\/et_pb_text][\/et_pb_column][\/et_pb_row][et_pb_row admin_label=\u00a0\u00bbLigne prefooter\u00a0\u00bb _builder_version=\u00a0\u00bb4.16&Prime; _module_preset=\u00a0\u00bbdefault\u00a0\u00bb background_color=\u00a0\u00bb#e6f7fe\u00a0\u00bb width=\u00a0\u00bb100%\u00a0\u00bb max_width=\u00a0\u00bb2560px\u00a0\u00bb global_colors_info=\u00a0\u00bb{}\u00a0\u00bb][et_pb_column type=\u00a0\u00bb4_4&Prime; _builder_version=\u00a0\u00bb4.16&Prime; _module_preset=\u00a0\u00bbdefault\u00a0\u00bb global_colors_info=\u00a0\u00bb{}\u00a0\u00bb][et_pb_image src=\u00a0\u00bbhttps:\/\/www.salonscotemaison.fr\/vivre-cote-sud-aix-en-provence\/wp-content\/uploads\/sites\/3\/2024\/03\/Logos-partenaires-site.png\u00a0\u00bb alt=\u00a0\u00bbcote-maison-salon-vivre-cote-sud-aix-en-provence-partenaires\u00a0\u00bb title_text=\u00a0\u00bbcote-maison-salon-vivre-cote-sud-aix-en-provence-partenaires\u00a0\u00bb url=\u00a0\u00bbhttps:\/\/www.salonscotemaison.fr\/vivre-cote-sud-aix-en-provence\/en\/partners\/\u00a0\u00bb align=\u00a0\u00bbcenter\u00a0\u00bb admin_label=\u00a0\u00bbLogos\u00a0\u00bb _builder_version=\u00a0\u00bb4.22.1&Prime; _module_preset=\u00a0\u00bbdefault\u00a0\u00bb hover_enabled=\u00a0\u00bb0&Prime; global_colors_info=\u00a0\u00bb{}\u00a0\u00bb sticky_enabled=\u00a0\u00bb0&Prime;][\/et_pb_image][\/et_pb_column][\/et_pb_row][\/et_pb_section]<\/p>\n","protected":false},"excerpt":{"rendered":"<p>Access accomodationAccess Address: Parc Jourdan &#8211; Avenue Anatole France &#8211; 13 100 Aix-en-Provence. How to get there By car: A8 freeways, exit 30 Aix en Provence Pont de l&rsquo;Arc, Luynes, les Milles. Follow signs for downtown Aix-en-Provence tourism.By plane: Nearest airport: Marseille-Provence International Airport. &nbsp; Dogs are welcome on leash at the show. Please bring [&hellip;]<\/p>\n","protected":false},"author":2,"featured_media":0,"parent":0,"menu_order":0,"comment_status":"closed","ping_status":"closed","template":"","meta":{"_acf_changed":false,"_et_pb_use_builder":"on","_et_pb_old_content":"","_et_gb_content_width":"","footnotes":""},"class_list":["post-61022","page","type-page","status-publish","hentry"],"acf":[],"yoast_head":"<!-- This site is optimized with the Yoast SEO plugin v27.4 - https:\/\/yoast.com\/product\/yoast-seo-wordpress\/ -->\n<title>Salon Vivre C\u00f4t\u00e9 Sud - Access and accomodation<\/title>\n<meta name=\"description\" content=\"Find out how to access, park and where to sleep during the Salon Vivre C\u00f4t\u00e9 Sud which will be held in Aix-en-Provence from May 30 to June 3, 2024.\" \/>\n<meta name=\"robots\" content=\"index, follow, max-snippet:-1, max-image-preview:large, max-video-preview:-1\" \/>\n<link rel=\"canonical\" href=\"https:\/\/www.salonscotemaison.fr\/vivre-cote-sud-aix-en-provence\/en\/access-accomodation\/\" \/>\n<meta property=\"og:locale\" content=\"fr_FR\" \/>\n<meta property=\"og:type\" content=\"article\" \/>\n<meta property=\"og:title\" content=\"Salon Vivre C\u00f4t\u00e9 Sud - Access and accomodation\" \/>\n<meta property=\"og:description\" content=\"Find out how to access, park and where to sleep during the Salon Vivre C\u00f4t\u00e9 Sud which will be held in Aix-en-Provence from May 30 to June 3, 2024.\" \/>\n<meta property=\"og:url\" content=\"https:\/\/www.salonscotemaison.fr\/vivre-cote-sud-aix-en-provence\/en\/access-accomodation\/\" \/>\n<meta property=\"og:site_name\" content=\"Vivre C\u00f4t\u00e9 Sud Aix-en-provence\" \/>\n<meta property=\"article:modified_time\" content=\"2024-03-26T08:51:20+00:00\" \/>\n<meta name=\"twitter:card\" content=\"summary_large_image\" \/>\n<meta name=\"twitter:label1\" content=\"Dur\u00e9e de lecture estim\u00e9e\" \/>\n\t<meta name=\"twitter:data1\" content=\"2 minutes\" \/>\n<script type=\"application\/ld+json\" class=\"yoast-schema-graph\">{\"@context\":\"https:\\\/\\\/schema.org\",\"@graph\":[{\"@type\":\"WebPage\",\"@id\":\"https:\\\/\\\/www.salonscotemaison.fr\\\/vivre-cote-sud-aix-en-provence\\\/en\\\/access-accomodation\\\/\",\"url\":\"https:\\\/\\\/www.salonscotemaison.fr\\\/vivre-cote-sud-aix-en-provence\\\/en\\\/access-accomodation\\\/\",\"name\":\"Salon Vivre C\u00f4t\u00e9 Sud - Access and accomodation\",\"isPartOf\":{\"@id\":\"https:\\\/\\\/www.salonscotemaison.fr\\\/vivre-cote-sud-aix-en-provence\\\/#website\"},\"datePublished\":\"2021-11-04T15:34:12+00:00\",\"dateModified\":\"2024-03-26T08:51:20+00:00\",\"description\":\"Find out how to access, park and where to sleep during the Salon Vivre C\u00f4t\u00e9 Sud which will be held in Aix-en-Provence from May 30 to June 3, 2024.\",\"breadcrumb\":{\"@id\":\"https:\\\/\\\/www.salonscotemaison.fr\\\/vivre-cote-sud-aix-en-provence\\\/en\\\/access-accomodation\\\/#breadcrumb\"},\"inLanguage\":\"fr-FR\",\"potentialAction\":[{\"@type\":\"ReadAction\",\"target\":[\"https:\\\/\\\/www.salonscotemaison.fr\\\/vivre-cote-sud-aix-en-provence\\\/en\\\/access-accomodation\\\/\"]}]},{\"@type\":\"BreadcrumbList\",\"@id\":\"https:\\\/\\\/www.salonscotemaison.fr\\\/vivre-cote-sud-aix-en-provence\\\/en\\\/access-accomodation\\\/#breadcrumb\",\"itemListElement\":[{\"@type\":\"ListItem\",\"position\":1,\"name\":\"Accueil\",\"item\":\"https:\\\/\\\/www.salonscotemaison.fr\\\/vivre-cote-sud-aix-en-provence\\\/\"},{\"@type\":\"ListItem\",\"position\":2,\"name\":\"Access \\\/ accomodation\"}]},{\"@type\":\"WebSite\",\"@id\":\"https:\\\/\\\/www.salonscotemaison.fr\\\/vivre-cote-sud-aix-en-provence\\\/#website\",\"url\":\"https:\\\/\\\/www.salonscotemaison.fr\\\/vivre-cote-sud-aix-en-provence\\\/\",\"name\":\"Vivre C\u00f4t\u00e9 Sud Aix-en-provence\",\"description\":\"Les salons de Vivre C\u00f4t\u00e9 Sud\",\"potentialAction\":[{\"@type\":\"SearchAction\",\"target\":{\"@type\":\"EntryPoint\",\"urlTemplate\":\"https:\\\/\\\/www.salonscotemaison.fr\\\/vivre-cote-sud-aix-en-provence\\\/?s={search_term_string}\"},\"query-input\":{\"@type\":\"PropertyValueSpecification\",\"valueRequired\":true,\"valueName\":\"search_term_string\"}}],\"inLanguage\":\"fr-FR\"}]}<\/script>\n<!-- \/ Yoast SEO plugin. -->","yoast_head_json":{"title":"Salon Vivre C\u00f4t\u00e9 Sud - Access and accomodation","description":"Find out how to access, park and where to sleep during the Salon Vivre C\u00f4t\u00e9 Sud which will be held in Aix-en-Provence from May 30 to June 3, 2024.","robots":{"index":"index","follow":"follow","max-snippet":"max-snippet:-1","max-image-preview":"max-image-preview:large","max-video-preview":"max-video-preview:-1"},"canonical":"https:\/\/www.salonscotemaison.fr\/vivre-cote-sud-aix-en-provence\/en\/access-accomodation\/","og_locale":"fr_FR","og_type":"article","og_title":"Salon Vivre C\u00f4t\u00e9 Sud - Access and accomodation","og_description":"Find out how to access, park and where to sleep during the Salon Vivre C\u00f4t\u00e9 Sud which will be held in Aix-en-Provence from May 30 to June 3, 2024.","og_url":"https:\/\/www.salonscotemaison.fr\/vivre-cote-sud-aix-en-provence\/en\/access-accomodation\/","og_site_name":"Vivre C\u00f4t\u00e9 Sud Aix-en-provence","article_modified_time":"2024-03-26T08:51:20+00:00","twitter_card":"summary_large_image","twitter_misc":{"Dur\u00e9e de lecture estim\u00e9e":"2 minutes"},"schema":{"@context":"https:\/\/schema.org","@graph":[{"@type":"WebPage","@id":"https:\/\/www.salonscotemaison.fr\/vivre-cote-sud-aix-en-provence\/en\/access-accomodation\/","url":"https:\/\/www.salonscotemaison.fr\/vivre-cote-sud-aix-en-provence\/en\/access-accomodation\/","name":"Salon Vivre C\u00f4t\u00e9 Sud - Access and accomodation","isPartOf":{"@id":"https:\/\/www.salonscotemaison.fr\/vivre-cote-sud-aix-en-provence\/#website"},"datePublished":"2021-11-04T15:34:12+00:00","dateModified":"2024-03-26T08:51:20+00:00","description":"Find out how to access, park and where to sleep during the Salon Vivre C\u00f4t\u00e9 Sud which will be held in Aix-en-Provence from May 30 to June 3, 2024.","breadcrumb":{"@id":"https:\/\/www.salonscotemaison.fr\/vivre-cote-sud-aix-en-provence\/en\/access-accomodation\/#breadcrumb"},"inLanguage":"fr-FR","potentialAction":[{"@type":"ReadAction","target":["https:\/\/www.salonscotemaison.fr\/vivre-cote-sud-aix-en-provence\/en\/access-accomodation\/"]}]},{"@type":"BreadcrumbList","@id":"https:\/\/www.salonscotemaison.fr\/vivre-cote-sud-aix-en-provence\/en\/access-accomodation\/#breadcrumb","itemListElement":[{"@type":"ListItem","position":1,"name":"Accueil","item":"https:\/\/www.salonscotemaison.fr\/vivre-cote-sud-aix-en-provence\/"},{"@type":"ListItem","position":2,"name":"Access \/ accomodation"}]},{"@type":"WebSite","@id":"https:\/\/www.salonscotemaison.fr\/vivre-cote-sud-aix-en-provence\/#website","url":"https:\/\/www.salonscotemaison.fr\/vivre-cote-sud-aix-en-provence\/","name":"Vivre C\u00f4t\u00e9 Sud Aix-en-provence","description":"Les salons de Vivre C\u00f4t\u00e9 Sud","potentialAction":[{"@type":"SearchAction","target":{"@type":"EntryPoint","urlTemplate":"https:\/\/www.salonscotemaison.fr\/vivre-cote-sud-aix-en-provence\/?s={search_term_string}"},"query-input":{"@type":"PropertyValueSpecification","valueRequired":true,"valueName":"search_term_string"}}],"inLanguage":"fr-FR"}]}},"post_mailing_queue_ids":[],"_links":{"self":[{"href":"https:\/\/www.salonscotemaison.fr\/vivre-cote-sud-aix-en-provence\/wp-json\/wp\/v2\/pages\/61022","targetHints":{"allow":["GET"]}}],"collection":[{"href":"https:\/\/www.salonscotemaison.fr\/vivre-cote-sud-aix-en-provence\/wp-json\/wp\/v2\/pages"}],"about":[{"href":"https:\/\/www.salonscotemaison.fr\/vivre-cote-sud-aix-en-provence\/wp-json\/wp\/v2\/types\/page"}],"author":[{"embeddable":true,"href":"https:\/\/www.salonscotemaison.fr\/vivre-cote-sud-aix-en-provence\/wp-json\/wp\/v2\/users\/2"}],"replies":[{"embeddable":true,"href":"https:\/\/www.salonscotemaison.fr\/vivre-cote-sud-aix-en-provence\/wp-json\/wp\/v2\/comments?post=61022"}],"version-history":[{"count":21,"href":"https:\/\/www.salonscotemaison.fr\/vivre-cote-sud-aix-en-provence\/wp-json\/wp\/v2\/pages\/61022\/revisions"}],"predecessor-version":[{"id":71910,"href":"https:\/\/www.salonscotemaison.fr\/vivre-cote-sud-aix-en-provence\/wp-json\/wp\/v2\/pages\/61022\/revisions\/71910"}],"wp:attachment":[{"href":"https:\/\/www.salonscotemaison.fr\/vivre-cote-sud-aix-en-provence\/wp-json\/wp\/v2\/media?parent=61022"}],"curies":[{"name":"wp","href":"https:\/\/api.w.org\/{rel}","templated":true}]}}